{"id":26,"date":"2016-11-19T18:39:08","date_gmt":"2016-11-19T17:39:08","guid":{"rendered":"http:\/\/oberstufe.lindenauschule.de\/?page_id=26"},"modified":"2020-08-05T11:26:40","modified_gmt":"2020-08-05T10:26:40","slug":"aufnahme","status":"publish","type":"page","link":"https:\/\/www.lindenauschule.de\/los\/?page_id=26","title":{"rendered":"Die Aufnahme"},"content":{"rendered":"<p><strong><img decoding=\"async\" loading=\"lazy\" class=\"size-medium wp-image-116 alignleft\" src=\"\/los\/wp-content\/uploads\/2016\/11\/Zwischenablage05-210x300.jpg\" alt=\"zwischenablage05\" width=\"210\" height=\"300\" srcset=\"https:\/\/www.lindenauschule.de\/los\/wp-content\/uploads\/2016\/11\/Zwischenablage05-210x300.jpg 210w, https:\/\/www.lindenauschule.de\/los\/wp-content\/uploads\/2016\/11\/Zwischenablage05-100x143.jpg 100w, https:\/\/www.lindenauschule.de\/los\/wp-content\/uploads\/2016\/11\/Zwischenablage05-150x214.jpg 150w, https:\/\/www.lindenauschule.de\/los\/wp-content\/uploads\/2016\/11\/Zwischenablage05-200x285.jpg 200w, https:\/\/www.lindenauschule.de\/los\/wp-content\/uploads\/2016\/11\/Zwischenablage05.jpg 277w\" sizes=\"(max-width: 210px) 100vw, 210px\" \/><\/strong><\/p>\n<p>Mit allen, die sich f\u00fcr den \u00dcbergang an unsere gymnasiale Oberstufe (GOS) interessieren, f\u00fchren wir<strong> individuelle Beratungs- und Informationgespr\u00e4che <\/strong>durch.<\/p>\n<p>Dar\u00fcber hinaus besteht auch die M\u00f6glichkeit, nach Vereinbarung an einem pers\u00f6nlichen <strong>Schnuppertag<\/strong> den Alltag an unserer Schule kennen zu lernen.<\/p>\n<p>Neben unserem &#8222;Tag der offenen T\u00fcr&#8220;, der an einem Samstag Ende November \u00fcber den Zugang an unsere Schule informiert und breite Einblicke in das F\u00e4cherangebot liefert, f\u00fchren wir weitere Informationsabende f\u00fcr Interessierte durch.<\/p>\n<p>Ausdr\u00fccklich m\u00f6chten wir &#8211; zus\u00e4tzlich zum \u00fcblichen \u00dcbergang in die GOS &#8211; auf die M\u00f6glichkeit des <strong>direkten Zugangs in die Q-Phase<\/strong> verweisen (siehe unten!).<\/p>\n<p><strong>Zulassungsvoraussetzungen<\/strong><\/p>\n<p><u>Zugang zur Einf\u00fchrungsphase an der GOS<\/u>:<\/p>\n<p>Sie besitzen<\/p>\n<ul>\n<li>das Abschlusszeugnis der 9. (G8) oder 10. (G9) Gymnasialklasse mit Versetzungsvermerk (Zulassung zur GOS),<\/li>\n<li>den mittleren qualifizierten Bildungsabschluss bzw.<\/li>\n<li>den mittleren Abschluss mit einer Durchschnittsnote von besser als befriedigend (&lt; 3,0) in den F\u00e4chern Deutsch, Mathematik, erste Fremdsprache und einer Naturwissenschaft sowie in den \u00fcbrigen F\u00e4chern gleichfalls eine Durchschnittsnote von besser als befriedigend (&lt; 3,0),<\/li>\n<li>oder streben diese Abschl\u00fcsse im Laufe des Schuljahres an.<\/li>\n<\/ul>\n<p><img decoding=\"async\" loading=\"lazy\" class=\"size-medium wp-image-277 alignright\" src=\"\/los\/wp-content\/uploads\/2017\/01\/Grafik01b-300x201.jpg\" alt=\"grafik01b\" width=\"300\" height=\"201\" srcset=\"https:\/\/www.lindenauschule.de\/los\/wp-content\/uploads\/2017\/01\/Grafik01b-300x201.jpg 300w, https:\/\/www.lindenauschule.de\/los\/wp-content\/uploads\/2017\/01\/Grafik01b-768x515.jpg 768w, https:\/\/www.lindenauschule.de\/los\/wp-content\/uploads\/2017\/01\/Grafik01b-1024x686.jpg 1024w, https:\/\/www.lindenauschule.de\/los\/wp-content\/uploads\/2017\/01\/Grafik01b-100x67.jpg 100w, https:\/\/www.lindenauschule.de\/los\/wp-content\/uploads\/2017\/01\/Grafik01b-150x101.jpg 150w, https:\/\/www.lindenauschule.de\/los\/wp-content\/uploads\/2017\/01\/Grafik01b-200x134.jpg 200w, https:\/\/www.lindenauschule.de\/los\/wp-content\/uploads\/2017\/01\/Grafik01b-450x302.jpg 450w, https:\/\/www.lindenauschule.de\/los\/wp-content\/uploads\/2017\/01\/Grafik01b-600x402.jpg 600w, https:\/\/www.lindenauschule.de\/los\/wp-content\/uploads\/2017\/01\/Grafik01b-900x603.jpg 900w\" sizes=\"(max-width: 300px) 100vw, 300px\" \/><u>Aufnahme:<\/u><\/p>\n<p>Sie wollen an unsere Schule wechseln,<br \/>\ndann k\u00f6nnen Sie sich anmelden mit<\/p>\n<ul>\n<li>dem Abschluss- oder Halbjahreszeugnis (ggfs. mit Eignungsempfehlung der Klassenkonferenz) unter Beif\u00fcgung der Jahreszeugnisse ab Jg.5<\/li>\n<li>und folgendem Formular:<\/li>\n<\/ul>\n<p><a href=\"\/los\/wp-content\/uploads\/2016\/11\/aufnahmeantrag_11.pdf\" target=\"_blank\">Aufnahmeantrag-11<\/a><\/p>\n<hr \/>\n<p><u>Zugang zur Qualifikationsphase an der GOS<\/u>:<\/p>\n<p>Sie besitzen<\/p>\n<ul>\n<li>das Abschlusszeugnis der 10. (G8) oder 11. (G9) Gymnasialklasse mit Zulassungsvermerk f\u00fcr die Qualifikationsphase,<\/li>\n<li>oder streben diesen Abschluss im Laufe des Schuljahres an.<\/li>\n<\/ul>\n<p><img decoding=\"async\" loading=\"lazy\" class=\" wp-image-278 alignright\" src=\"\/los\/wp-content\/uploads\/2017\/01\/Grafik03b-293x300.jpg\" alt=\"grafik03b\" width=\"142\" height=\"145\" srcset=\"https:\/\/www.lindenauschule.de\/los\/wp-content\/uploads\/2017\/01\/Grafik03b-293x300.jpg 293w, https:\/\/www.lindenauschule.de\/los\/wp-content\/uploads\/2017\/01\/Grafik03b-768x787.jpg 768w, https:\/\/www.lindenauschule.de\/los\/wp-content\/uploads\/2017\/01\/Grafik03b-1000x1024.jpg 1000w, https:\/\/www.lindenauschule.de\/los\/wp-content\/uploads\/2017\/01\/Grafik03b-100x102.jpg 100w, https:\/\/www.lindenauschule.de\/los\/wp-content\/uploads\/2017\/01\/Grafik03b-150x154.jpg 150w, https:\/\/www.lindenauschule.de\/los\/wp-content\/uploads\/2017\/01\/Grafik03b-200x205.jpg 200w, https:\/\/www.lindenauschule.de\/los\/wp-content\/uploads\/2017\/01\/Grafik03b-300x307.jpg 300w, https:\/\/www.lindenauschule.de\/los\/wp-content\/uploads\/2017\/01\/Grafik03b-450x461.jpg 450w, https:\/\/www.lindenauschule.de\/los\/wp-content\/uploads\/2017\/01\/Grafik03b-600x615.jpg 600w, https:\/\/www.lindenauschule.de\/los\/wp-content\/uploads\/2017\/01\/Grafik03b-900x922.jpg 900w\" sizes=\"(max-width: 142px) 100vw, 142px\" \/><\/p>\n<p><u>Aufnahme:<\/u><\/p>\n<p>Sie wollen an unsere Schule wechseln, dann k\u00f6nnen Sie sich anmelden mit<\/p>\n<ul>\n<li>dem Zulassungs- oder Halbjahreszeugnis unter Beif\u00fcgung der Jahreszeugnisse der Sek I und aller Zeugnisse der E-Phase (10.\/11. Klasse)<\/li>\n<li>und folgenden Formularen:<\/li>\n<\/ul>\n<p><a href=\"\/los\/wp-content\/uploads\/2016\/11\/aufnahmeantrag_12.pdf\" target=\"_blank\">Aufnahmeantrag-12<\/a><br \/>\n<a href=\"\/los\/wp-content\/uploads\/2016\/11\/kurswahl_Q1.pdf\" target=\"_blank\">Kurswahl-Q-Phase<\/a><\/p>\n<p><img decoding=\"async\" loading=\"lazy\" class=\"alignnone wp-image-280 aligncenter\" src=\"https:\/\/www.lindenauschule.de\/los\/wp-content\/uploads\/2017\/01\/Grafik02b.jpg\" alt=\"grafik02b\" width=\"816\" height=\"1123\" srcset=\"https:\/\/www.lindenauschule.de\/los\/wp-content\/uploads\/2017\/01\/Grafik02b.jpg 5100w, https:\/\/www.lindenauschule.de\/los\/wp-content\/uploads\/2017\/01\/Grafik02b-218x300.jpg 218w, https:\/\/www.lindenauschule.de\/los\/wp-content\/uploads\/2017\/01\/Grafik02b-768x1056.jpg 768w, https:\/\/www.lindenauschule.de\/los\/wp-content\/uploads\/2017\/01\/Grafik02b-744x1024.jpg 744w, https:\/\/www.lindenauschule.de\/los\/wp-content\/uploads\/2017\/01\/Grafik02b-100x138.jpg 100w, https:\/\/www.lindenauschule.de\/los\/wp-content\/uploads\/2017\/01\/Grafik02b-150x206.jpg 150w, https:\/\/www.lindenauschule.de\/los\/wp-content\/uploads\/2017\/01\/Grafik02b-200x275.jpg 200w, https:\/\/www.lindenauschule.de\/los\/wp-content\/uploads\/2017\/01\/Grafik02b-300x413.jpg 300w, https:\/\/www.lindenauschule.de\/los\/wp-content\/uploads\/2017\/01\/Grafik02b-450x619.jpg 450w, https:\/\/www.lindenauschule.de\/los\/wp-content\/uploads\/2017\/01\/Grafik02b-600x825.jpg 600w, https:\/\/www.lindenauschule.de\/los\/wp-content\/uploads\/2017\/01\/Grafik02b-900x1238.jpg 900w\" sizes=\"(max-width: 816px) 100vw, 816px\" \/><\/p>\n","protected":false},"excerpt":{"rendered":"<p>Mit allen, die sich f\u00fcr den \u00dcbergang an unsere gymnasiale Oberstufe (GOS) interessieren, f\u00fchren wir individuelle Beratungs- und Informationgespr\u00e4che durch. Dar\u00fcber hinaus besteht auch die M\u00f6glichkeit, nach Vereinbarung an einem pers\u00f6nlichen Schnuppertag den Alltag an unserer Schule kennen zu lernen.<span class=\"ellipsis\">&hellip;<\/span><\/p>\n<div class=\"read-more\"><a href=\"https:\/\/www.lindenauschule.de\/los\/?page_id=26\">Weiterlesen \u203a<\/a><\/div>\n<p><!-- end of .read-more --><\/p>\n","protected":false},"author":1,"featured_media":0,"parent":0,"menu_order":0,"comment_status":"closed","ping_status":"closed","template":"","meta":{"footnotes":""},"_links":{"self":[{"href":"https:\/\/www.lindenauschule.de\/los\/index.php?rest_route=\/wp\/v2\/pages\/26"}],"collection":[{"href":"https:\/\/www.lindenauschule.de\/los\/index.php?rest_route=\/wp\/v2\/pages"}],"about":[{"href":"https:\/\/www.lindenauschule.de\/los\/index.php?rest_route=\/wp\/v2\/types\/page"}],"author":[{"embeddable":true,"href":"https:\/\/www.lindenauschule.de\/los\/index.php?rest_route=\/wp\/v2\/users\/1"}],"replies":[{"embeddable":true,"href":"https:\/\/www.lindenauschule.de\/los\/index.php?rest_route=%2Fwp%2Fv2%2Fcomments&post=26"}],"version-history":[{"count":25,"href":"https:\/\/www.lindenauschule.de\/los\/index.php?rest_route=\/wp\/v2\/pages\/26\/revisions"}],"predecessor-version":[{"id":343,"href":"https:\/\/www.lindenauschule.de\/los\/index.php?rest_route=\/wp\/v2\/pages\/26\/revisions\/343"}],"wp:attachment":[{"href":"https:\/\/www.lindenauschule.de\/los\/index.php?rest_route=%2Fwp%2Fv2%2Fmedia&parent=26"}],"curies":[{"name":"wp","href":"https:\/\/api.w.org\/{rel}","templated":true}]}}