
{"id":4099,"date":"2021-03-13T16:52:16","date_gmt":"2021-03-13T15:52:16","guid":{"rendered":"https:\/\/www.lindenauschule.de\/?page_id=4099"},"modified":"2021-03-13T16:52:16","modified_gmt":"2021-03-13T15:52:16","slug":"das-denkmal-projekt-unser-schaukasten-und-aktionen","status":"publish","type":"page","link":"https:\/\/www.lindenauschule.de\/?page_id=4099","title":{"rendered":"Das Denk\u2026mal-Projekt \u2026 unser Schaukasten und Aktionen"},"content":{"rendered":"<p>Liebe Schulgemeinde,<\/p>\n<p>als <strong><u>Schule ohne Rassismus<\/u><\/strong> nehmen wir unsere Verantwortung wahr, Courage zu wichtigen Themen unseres Zeitgeschehens und unserer Gesellschaft zu zeigen. Dabei m\u00f6chten wir Stellung beziehen, informieren, erinnern und auch einmal die Stimme erheben.<\/p>\n<p>Die Lindenauschule tr\u00e4gt den Titel <strong>\u201eSchule ohne Rassismus\u201c<\/strong> mit <strong>Stolz<\/strong>, denn wir als Schulgemeinde legen gro\u00dfen Wert auf ein gemeinsames (inklusives) Miteinander, auf Toleranz und Demokratie.<\/p>\n<p>Wir wenden uns ausdr\u00fccklich gegen <strong>jegliche Form von Rassismus, Extremismus und der Ausgrenzung von Sch\u00fclerinnen und Sch\u00fclern an unserer Schule und unserer Gesellschaft.<\/strong><\/p>\n<p>In unserem Schulalltag leben wir Vielfalt und Toleranz und es ist uns eine Herzensangelegenheit, die Erinnerungskultur der Schule wachzuhalten. Zu folgenden Themen sowie Ereignissen treten wir als Schulgemeinde der Lindenauschule regelm\u00e4\u00dfig, d. h. meist im Jahresrhythmus, in Aktion:<\/p>\n<ul>\n<li><strong>Fest der Kulturen<\/strong><\/li>\n<li><strong>Vortr\u00e4ge und Erinnerung an die deportierten und emigrierten Gro\u00dfauheimer Juden am 9. November 1938<\/strong><\/li>\n<li><strong>Aktionen der AG \u201eSchule ohne Rassismus\u201c(Ansprechpartner: Herr Gerlach)<\/strong><\/li>\n<li><strong>Diskussionsrunden zum Thema \u201eRassismus\u201c<\/strong><\/li>\n<li><strong>Vortr\u00e4ge zum Thema \u201eAntisemitismus\u201c<\/strong><\/li>\n<li><strong>Zeitzeugenberichte sowie Vortr\u00e4ge \u00fcber den 2. Weltkrieg und die Bombardierung Hanaus im M\u00e4rz 1945<\/strong><\/li>\n<li><strong>Fahrt zur Gedenkst\u00e4tte nach Hadamar \/ Veranstaltungen zum Thema \u201eEuthanasie\u201c<\/strong><\/li>\n<li><strong>Fahrten des 10. Jahrgangs und der Oberstufenkurse (Geschichte, Politik) an historische Orte des Gedenkens<\/strong><\/li>\n<li><strong>Gedenkminuten und Gedenkveranstaltungen zur Reichspogromnacht (11. Jahrgang im Fach Religion), dem Attentat an unserer franz\u00f6sischen Partnerschule in Conflans Sainte-Honorine am 16. Oktober 2020 und dem Attentat in Hanau am 19. Februar 2020<\/strong><\/li>\n<li><strong>Generationenaustausch mit au\u00dferschulischen Kooperationspartnern<\/strong><\/li>\n<li><strong>v.m.<\/strong><\/li>\n<\/ul>\n<p>Diese Veranstaltungen sollen auch zuk\u00fcnftig fester Bestandteil der Erinnerungskultur unserer Schule sein.<\/p>\n<p>Besonders freuen wir uns deshalb \u00fcber unseren neuen Schaukasten im offenen Info unserer Schule, der alle 4 bis 8 Wochen neu gestaltet werden wird und so an ein Ereignis unseres gesellschaftlichen oder geschichtlichen Lebens erinnern soll. <strong>An dieser Stelle m\u00f6chten wir uns beim Bistum Fulda und vor allem bei Herrn Christoph Hartmann, dem Beauftragten f\u00fcr die Schulseelsorge,\u00a0 f\u00fcr die Finanzierung des Schaukastens bedanken.<\/strong><\/p>\n<p>Gerne nehmen wir auch Ideen und Anregungen von euch, liebe Sch\u00fclerinnen und Sch\u00fcler, auf. Nat\u00fcrlich k\u00f6nnt ihr auch gemeinsam mit eurem Kurse (alle F\u00e4cher und Jahrgangsstufen) ein <strong>monatliches Denk\u2026mal-Thema gestalten, dar\u00fcber informieren und zum Nachdenken anregen.<\/strong><\/p>\n<p><u>Wir freuen uns auf Interessierte und Engagierte! Kommt am besten einfach auf uns, Herrn Schleicher und Herrn Kleppe, zu! <\/u><\/p>\n<p>Auf der Homerpage unserer Schule wird immer auf das aktuelle Thema (s. auch <a href=\"https:\/\/qrage.org\/wir-haben-jeden-tag-daran-gedacht\">https:\/\/qrage.org\/wir-haben-jeden-tag-daran-gedacht<\/a>\/) sowie geplante Veranstaltungen hingewiesen.<\/p>\n<p>&nbsp;<\/p>\n<p>Eure Schulseelsorge und AG \u201eSchule ohne Rassismus\u201c<\/p>\n","protected":false},"excerpt":{"rendered":"<p>Liebe Schulgemeinde, als Schule ohne Rassismus nehmen wir unsere Verantwortung wahr, Courage zu wichtigen Themen unseres Zeitgeschehens und unserer Gesellschaft zu zeigen. Dabei m\u00f6chten wir Stellung beziehen, informieren, erinnern und auch einmal die Stimme erheben. Die Lindenauschule tr\u00e4gt den Titel<\/p>\n","protected":false},"author":2,"featured_media":4100,"parent":0,"menu_order":0,"comment_status":"closed","ping_status":"closed","template":"","meta":{"footnotes":""},"class_list":["post-4099","page","type-page","status-publish","has-post-thumbnail","hentry"],"_links":{"self":[{"href":"https:\/\/www.lindenauschule.de\/index.php?rest_route=\/wp\/v2\/pages\/4099","targetHints":{"allow":["GET"]}}],"collection":[{"href":"https:\/\/www.lindenauschule.de\/index.php?rest_route=\/wp\/v2\/pages"}],"about":[{"href":"https:\/\/www.lindenauschule.de\/index.php?rest_route=\/wp\/v2\/types\/page"}],"author":[{"embeddable":true,"href":"https:\/\/www.lindenauschule.de\/index.php?rest_route=\/wp\/v2\/users\/2"}],"replies":[{"embeddable":true,"href":"https:\/\/www.lindenauschule.de\/index.php?rest_route=%2Fwp%2Fv2%2Fcomments&post=4099"}],"version-history":[{"count":1,"href":"https:\/\/www.lindenauschule.de\/index.php?rest_route=\/wp\/v2\/pages\/4099\/revisions"}],"predecessor-version":[{"id":4101,"href":"https:\/\/www.lindenauschule.de\/index.php?rest_route=\/wp\/v2\/pages\/4099\/revisions\/4101"}],"wp:featuredmedia":[{"embeddable":true,"href":"https:\/\/www.lindenauschule.de\/index.php?rest_route=\/wp\/v2\/media\/4100"}],"wp:attachment":[{"href":"https:\/\/www.lindenauschule.de\/index.php?rest_route=%2Fwp%2Fv2%2Fmedia&parent=4099"}],"curies":[{"name":"wp","href":"https:\/\/api.w.org\/{rel}","templated":true}]}}

<p>Liebe Schulgemeinde,</p>
<p>als <strong><u>Schule ohne Rassismus</u></strong> nehmen wir unsere Verantwortung wahr, Courage zu wichtigen Themen unseres Zeitgeschehens und unserer Gesellschaft zu zeigen. Dabei möchten wir Stellung beziehen, informieren, erinnern und auch einmal die Stimme erheben.</p>
<p>Die Lindenauschule trägt den Titel <strong>„Schule ohne Rassismus“</strong> mit <strong>Stolz</strong>, denn wir als Schulgemeinde legen großen Wert auf ein gemeinsames (inklusives) Miteinander, auf Toleranz und Demokratie.</p>
<p>Wir wenden uns ausdrücklich gegen <strong>jegliche Form von Rassismus, Extremismus und der Ausgrenzung von Schülerinnen und Schülern an unserer Schule und unserer Gesellschaft.</strong></p>
<p>In unserem Schulalltag leben wir Vielfalt und Toleranz und es ist uns eine Herzensangelegenheit, die Erinnerungskultur der Schule wachzuhalten. Zu folgenden Themen sowie Ereignissen treten wir als Schulgemeinde der Lindenauschule regelmäßig, d. h. meist im Jahresrhythmus, in Aktion:</p>
<ul>
<li><strong>Fest der Kulturen</strong></li>
<li><strong>Vorträge und Erinnerung an die deportierten und emigrierten Großauheimer Juden am 9. November 1938</strong></li>
<li><strong>Aktionen der AG „Schule ohne Rassismus“(Ansprechpartner: Herr Gerlach)</strong></li>
<li><strong>Diskussionsrunden zum Thema „Rassismus“</strong></li>
<li><strong>Vorträge zum Thema „Antisemitismus“</strong></li>
<li><strong>Zeitzeugenberichte sowie Vorträge über den 2. Weltkrieg und die Bombardierung Hanaus im März 1945</strong></li>
<li><strong>Fahrt zur Gedenkstätte nach Hadamar / Veranstaltungen zum Thema „Euthanasie“</strong></li>
<li><strong>Fahrten des 10. Jahrgangs und der Oberstufenkurse (Geschichte, Politik) an historische Orte des Gedenkens</strong></li>
<li><strong>Gedenkminuten und Gedenkveranstaltungen zur Reichspogromnacht (11. Jahrgang im Fach Religion), dem Attentat an unserer französischen Partnerschule in Conflans Sainte-Honorine am 16. Oktober 2020 und dem Attentat in Hanau am 19. Februar 2020</strong></li>
<li><strong>Generationenaustausch mit außerschulischen Kooperationspartnern</strong></li>
<li><strong>v.m.</strong></li>
</ul>
<p>Diese Veranstaltungen sollen auch zukünftig fester Bestandteil der Erinnerungskultur unserer Schule sein.</p>
<p>Besonders freuen wir uns deshalb über unseren neuen Schaukasten im offenen Info unserer Schule, der alle 4 bis 8 Wochen neu gestaltet werden wird und so an ein Ereignis unseres gesellschaftlichen oder geschichtlichen Lebens erinnern soll. <strong>An dieser Stelle möchten wir uns beim Bistum Fulda und vor allem bei Herrn Christoph Hartmann, dem Beauftragten für die Schulseelsorge,  für die Finanzierung des Schaukastens bedanken.</strong></p>
<p>Gerne nehmen wir auch Ideen und Anregungen von euch, liebe Schülerinnen und Schüler, auf. Natürlich könnt ihr auch gemeinsam mit eurem Kurse (alle Fächer und Jahrgangsstufen) ein <strong>monatliches Denk…mal-Thema gestalten, darüber informieren und zum Nachdenken anregen.</strong></p>
<p><u>Wir freuen uns auf Interessierte und Engagierte! Kommt am besten einfach auf uns, Herrn Schleicher und Herrn Kleppe, zu! </u></p>
<p>Auf der Homerpage unserer Schule wird immer auf das aktuelle Thema (s. auch <a href="https://qrage.org/wir-haben-jeden-tag-daran-gedacht">https://qrage.org/wir-haben-jeden-tag-daran-gedacht</a>/) sowie geplante Veranstaltungen hingewiesen.</p>
<p>&nbsp;</p>
<p>Eure Schulseelsorge und AG „Schule ohne Rassismus“</p>

<p>Liebe Schulgemeinde, als Schule ohne Rassismus nehmen wir unsere Verantwortung wahr, Courage zu wichtigen Themen unseres Zeitgeschehens und unserer Gesellschaft zu zeigen. Dabei möchten wir Stellung beziehen, informieren, erinnern und auch einmal die Stimme erheben. Die Lindenauschule trägt den Titel</p>
